t is f(-1)?
-7
Let v(y) = 8*y + 197. Calculate v(-24).
5
Let c(k) = -k**3 - 2*k**2 + 16*k - 11. Calculate c(3).
-8
Let p(y) = -3*y**2 - 109*y + 73. Give p(-37).
-1
Let w(s) = s**3 + 5*s**2 - 7*s - 10. Give w(-6).
-4
Let p(b) = -b**2 - 13*b - 36. Calculate p(-10).
-6
Let a(m) = -m**3 - 11*m**2 - 10*m - 1. Determine a(-10).
-1
Let j(b) = b**3 + 9*b**2 + 9*b + 16. What is j(-8)?
8
Let p(d) = d**3 + 33*d**2 - 73*d - 100. What is p(-35)?
5
Let b(a) = 23*a - 83. Calculate b(8).
101
Let u(o) = -17*o + 175. Determine u(9).
22
Let i(x) = 7*x**3 - x**2 + 4*x - 3. Calculate i(1).
7
Let h(i) = 7*i + 64. What is h(-13)?
-27
Let h(c) = c**3 + 7*c**2 + 6*c - 1. What is h(-6)?
-1
Let o(t) = t**3 - 11*t**2 - 12*t - 28. Give o(12).
-28
Let z(d) = 4*d - 55. Determine z(13).
-3
Let a(v) = v**2 - 39*v - 83. What is a(-2)?
-1
Let i(o) = -3*o**2 - 117*o + 22. What is i(-40)?
-98
Let w(n) = -7*n**2 - 3*n - 2. Give w(-3).
-56
Let h(l) = -l**2 + 5*l - 5. Give h(1).
-1
Let m(v) = 2*v - 2. Determine m(-9).
-20
Let h(r) = -15*r + 166. What is h(15)?
-59
Let y(r) = -r**3 + 12*r**2 - 37*r + 17. Give y(6).
11
Let z(n) = 11*n - 1. What is z(3)?
32
Let p(m) = -m**3 - 8*m**2 - 6*m + 3. Determine p(-7).
-4
Let d(l) = -7*l + 2. What is d(1)?
-5
Let d(f) = -f**3 + 4*f**2 + f - 4. Give d(-2).
18
Let m(j) = 6*j + 2. What is m(-2)?
-10
Let f(t) = -2*t**2 - 34*t + 5. Give f(-15).
65
Let l(a) = -3*a**2 - 24*a - 23. Calculate l(-7).
-2
Let k(t) = t + 14. Give k(-5).
9
Let v(k) = 4*k + 3. What is v(1)?
7
Let y(l) = -3*l + 7. Give y(-12).
43
Let l(z) = z**2 + 3*z - 2. Give l(2).
8
Let r(u) = 13*u**2 + 106. Give r(0).
106
Let h(r) = 4*r - 35. Give h(5).
-15
Let p(v) = -v**2 - 22*v - 7. Give p(-15).
98
Let q(n) = n**2 + 1. Determine q(2).
5
Let a(t) = -t**2 - 6*t + 5. Give a(-9).
-22
Let q(j) = 2*j**3 - 64*j**2 + 8. Calculate q(32).
8
Let a(p) = 2*p**2 - 29*p - 52. Determine a(16).
-4
Let b(u) = -9*u**2 - u - 1. Determine b(-2).
-35
Let o(r) = -2*r - 2. Calculate o(-9).
16
Let r(q) = 2*q**2 - 16*q - 5. Give r(7).
-19
Let c(l) = l**3 + 25*l**2 + 22*l - 44. Determine c(-24).
4
Let b(i) = 6*i + 25. Give b(-4).
1
Let l(u) = 4*u + 3. Determine l(5).
23
Let g(u) = 10*u - 20. Determine g(3).
10
Let r(m) = -m**3 + 6*m**2 + m + 38. Give r(7).
-4
Let d(z) = -2*z**2 + 3*z + 4. Calculate d(4).
-16
Let h(v) = -60*v + 4. Calculate h(1).
-56
Let l(d) = -3*d**3 + 13*d**2 - 6*d + 2. What is l(5)?
-78
Let c(n) = -n**3 - 6*n**2 - 2*n + 5. Calculate c(-5).
-10
Let j(u) = -2*u**2 + 14*u + 144. Give j(-6).
-12
Let q(j) = j**3 + 13*j**2 - 4. Calculate q(-13).
-4
Let g(y) = 16*y - 68. Calculate g(2).
-36
Let r(x) = -33*x - 9. Give r(1).
-42
Let i(s) = s + 2. Calculate i(11).
13
Let b(c) = c + 2. Determine b(-6).
-4
Let k(b) = b**2 - 4. Calculate k(0).
-4
Let t(w) = -w**2 + 10*w + 3. Calculate t(8).
19
Let k(x) = 19*x + 577. Determine k(-30).
7
Let o(n) = 4*n - 31. What is o(6)?
-7
Let v(p) = p**2 - 16*p - 59. Determine v(19).
-2
Let x(k) = -3*k + 26. What is x(8)?
2
Let p(l) = -l**3 - 5*l**2 + 9*l + 9. Give p(-6).
-9
Let n(q) = -2*q**3 + 10*q**2 + 5*q - 21. What is n(5)?
4
Let i(s) = -15*s + 264. Calculate i(17).
9
Let s(k) = -k**3 - 7*k**2 - 2*k - 8. Determine s(-7).
6
Let j(h) = 6*h + 6. Determine j(5).
36
Let i(m) = 32*m + 17. What is i(3)?
113
Let y(l) = l**2 + 2*l - 279. Give y(-18).
9
Let c(p) = -8*p - 2. Calculate c(-1).
6
Let r(i) = i**3 - 12*i**2 + 19*i - 34. Give r(11).
54
Let s(i) = i**2 - 4*i + 4. Give s(3).
1
Let a(i) = i**2 + 10*i - 5. Give a(-11).
6
Let n(w) = -w**3 + w**2 - 9. Give n(0).
-9
Let d(q) = q**2 - 26*q - 146. Calculate d(-5).
9
Let y(o) = o**2 - 8*o + 10. Determine y(10).
30
Let h(f) = -f**3 - 10*f**2 - 11*f + 11. What is h(-9)?
29
Let r(u) = -u**2 - 2*u + 27. Calculate r(4).
3
Let h(a) = -4*a + 30. Determine h(5).
10
Let v(n) = -n**2 - 16*n + 9. What is v(-17)?
-8
Let b(d) = 2*d**2 - 17*d. Determine b(8).
-8
Let a(y) = y - 16. Calculate a(-7).
-23
Let p(b) = -2*b + 6. Determine p(9).
-12
Let v(p) = 3*p + 5. Give v(2).
11
Let p(c) = -6*c**2 + 9*c + 9. What is p(-1)?
-6
Let z(i) = 5*i**2 - 3*i - 4. Determine z(-1).
4
Let h(s) = s**3 - 6*s**2 - 4*s - 7. Give h(7).
14
Let i(q) = q**2 - 46*q + 269. What is i(39)?
-4
Let z(h) = -13*h**2 - h + 2. Calculate z(-1).
-10
Let y(w) = -2*w + 14. Calculate y(8).
-2
Let k(y) = y - 9. Calculate k(-7).
-16
Let v(x) = x**2 + 8*x + 16. What is v(-3)?
1
Let s(k) = -10*k + 16. What is s(-6)?
76
Let w(z) = -23*z**2 + 3*z - 3. What is w(1)?
-23
Let r(z) = 2*z**2 - 16*z + 15. Give r(7).
1
Let x(b) = b - 17. Calculate x(9).
-8
Let d(v) = v**3 + 4*v**2 - v - 14. Determine d(-6).
-80
Let x(d) = d**2 + 9*d + 8. What is x(-1)?
0
Let c(i) = -6*i**2 - 21*i - 18. Determine c(-1).
-3
Let n(c) = -3*c - 14. Calculate n(-4).
-2
Let y(f) = 11*f**2 + 8*f + 4. What is y(-3)?
79
Let a(u) = u**2 + 27*u - 27. Calculate a(-26).
-53
Let z(o) = o**3 - 3*o**2 + 10*o + 26. Determine z(-2).
-14
Let v(r) = r**3 - 10*r**2 + 6*r + 2. Calculate v(9).
-25
Let f(c) = 14*c**3 + c - 1. What is f(1)?
14
Let x(z) = -z**3 - 5*z**2 + 9*z - 10. What is x(-7)?
25
Let i(y) = -2*y**3 - 5*y**2 + 4*y + 4. Determine i(-3).
1
Let q(k) = -4*k - 45. Calculate q(-9).
-9
Let c(h) = -10*h - 9. Calculate c(2).
-29
Let u(m) = m + 5. Calculate u(15).
20
Let m(x) = -x**3 - 7*x**2 - 5*x + 1. Give m(-5).
-24
Let x(s) = 2*s - 15. Determine x(-8).
-31
Let d(n) = -10*n - 19. What is d(-2)?
1
Let j(z) = -z**3 - 16*z**2 - 32*z - 53. What is j(-14)?
3
Let v(c) = -11*c + 13. Give v(3).
-20
Let w(q) = 8*q**2 + 28*q + 6. Determine w(-4).
22
Let w(t) = -14*t - 57. Calculate w(0).
-57
Let s(o) = 11*o**2 + 71*o + 36. Calculate s(-6).
6
Let o(v) = 2*v**2 - 12*v + 4. Give o(5).
-6
Let w(z) = 3*z. Determine w(7).
21
Let s(h) = 88*h + 275. Determine s(-3).
11
Let y(z) = z**2 + 31*z + 233. What is y(-16)?
-7
Let b(d) = -d + 6. Give b(-5).
11
Let l(p) = -95*p**2 - p + 2. Give l(1).
-94
Let y(n) = 10*n**2 - 121*n + 7. Calculate y(12).
-5
Let b(l) = 6*l + 30. Determine b(-5).
0
Let d(x) = 23*x + 6. Give d(-3).
-63
Let d(g) = g**2 - 10*g. What is d(8)?
-16
Let r(v) = -v - 9. What is r(14)?
-23
Let c(p) = -10*p - 1. Calculate c(1).
-11
Let r(o) = -2*o**2 + 12*o + 8. Determine r(-5).
-102
Let n(m) = m**3 + 45*m**2 + 39*m - 219. Give n(-44).
1
Let g(l) = l**3 - 4*l**2 + 5*l - 5. Determine g(2).
-3
Let t(c) = -c**2 - 3*c - 1. What is t(5)?
-41
Let u(p) = p**3 + 6*p**2 + 2*p - 8. What is u(-5)?
7
Let b(a) = 15*a - 23. Give b(-7).
-128
Let r(q) = 2*q**3 + 8*q**2 - q - 2. Give r(-4).
2
Let f(m) = 15*m - 3. Determine f(2).
27
Let r(a) = a**3 + 12*a**2 - 118. Calculate r(-11).
3
Let f(u) = 5*u**2 + 30*u - 6. Calculate f(-6).
-6
Let t(w) = w**3 - 21*w**2 + 2*w - 9. Calculate t(21).
33
Let o(h) = -h**3 + 2*h**2 + h - 3. Calculate o(2).
-1
Let q(h) = -h**3 + 8*h**2 + 10*h + 8. Give q(9).
17
Let m(u) = -u + 9. Determine m(8).
1
Let u(l) = l**2 + 22*l + 83. Calculate u(-7).
-22
Let l(d) = -15*d + 3. Determine l(2).
-27
Let w(b) = -4*b**2 - 44*b - 8. Calculate w(-12).
-56
Let q(h) = h - 11. Give q(5).
-6
Let m(y) = 6*y**2 + 47*y + 41. Calculate m(-7).
6
Let t(o) = -122*o + 354. What is t(3)?
-12
Let f(v) = -v**3 + 6*v**2 - 3*v + 5. Calculate f(5).
15
Let m(f) = -3*f**2 + 10*f - 13. What is m(6)?
-61
Let z(x) = 14*x**3 + 2*x - 2. Give z(1).
14
Let p(j) = j**2 - 6*j - 58. Calculate p(8).
-42
Let r(f) = -2*f**2 - 19*f + 6. Give r(-9).
15
Let k(u) = -9*u + 43. Calculate k(5).
-2
Let l(d) = 2*d + 12. Calculate l(11).
34
Let t(j) = 2*j**2 + 5*j - 16. Give t(-6).
26
Let r(a) = -3*a - 15. Calculate r(11).
-48
Let t(c) = -33*c - 1. Determine t(-1).
32
Let t(l) = -l**2 - l + 4. Determine t(-3).
-2
Let d(w) = w**3 - 9*w**2 + 14*w - 20. Determine d(8).
28
Let s(i) = -2*i + 5. What is s(1)?
3
Let j(q) = -q - 1. Calculate j(-7).
6
Let a(l) = 3*l**2 + 87*l - 9. What is a(-29)?
-9
Let c(y) = -20*y - 24. Calculate c(0).
-24
Let p(h) = -2*h**2 + 30*h - 5. What is p(15)?
-5
Let w(i) = i**3 - 8*i**2 + 10*i - 27. Determine w(7).
-6
Let i(z) = -2*z**2 - 14*z + 151. What is i(6)?
-5
Let b(f) = 6*f + 76. Determine b(-13).
-2
Let t(j) = -j**3 + 2*j**2 + 6*j - 10. Calculate t(4).
-18
Let g(m) = 20*m**2 - m. What is g(-1)?
21
Let m(z) = z + 9. What is m(0)?
9
Let w(r) = -8*r + 212. Calculate w(27).
-4
Let d(k) = -7*k - 182. What is d(-28)?
14
Let c(l) = -6*l**2 - 95*l + 1